t n(t) = -296*t + 33794. Determine n(115).
-246
Let g(u) = 5*u**2 - 739*u - 318283. Give g(-189).
-7
Let p(o) = 8201*o - 2558740. Give p(312).
-28
Let g(n) = -2122*n + 1035426. What is g(488)?
-110
Let r(z) = 26*z - 625. Determine r(-28).
-1353
Let g(d) = 1140*d - 1957. What is g(2)?
323
Let s(t) = 632798*t - 54420614. Calculate s(86).
14
Let o(q) = 7*q + 3326. What is o(-100)?
2626
Let q(l) = l**3 - 27*l**2 - 5843*l + 162843. What is q(28)?
23
Let a(x) = x**3 + 81*x**2 + 318*x + 744. Give a(-77).
-26
Let s(x) = 62202*x + 61759. What is s(-1)?
-443
Let i(v) = v**3 - 84*v**2 - 366*v + 43494. What is i(82)?
34
Let s(x) = -x**3 + 285*x**2 + 19902*x + 467. Give s(-58).
3
Let o(q) = -9*q**2 - 896*q + 11862. Give o(13).
-1307
Let m(t) = 35737*t + 13186940. Determine m(-369).
-13
Let w(u) = -u**2 + 5882*u + 47078. Determine w(-8).
-42
Let j(o) = 21*o**2 + 934*o + 315. Calculate j(-44).
-125
Let p(a) = -122*a**2 - 68*a - 50. Determine p(-2).
-402
Let s(o) = -o**2 - 81*o + 173567. What is s(-458)?
901
Let s(o) = -o**3 - 361*o**2 - 369*o - 3188. What is s(-360)?
52
Let j(z) = -3643*z - 146049. Calculate j(-40).
-329
Let u(j) = 26788*j - 106701. Give u(4).
451
Let a(w) = w**3 + 104*w**2 + 1861*w - 49. Calculate a(-23).
-3
Let p(k) = -762*k - 108126. Determine p(-142).
78
Let u(l) = 9*l**3 + 108*l**2 - 36*l - 445. Determine u(-12).
-13
Let n(r) = 181607*r - 544836. What is n(3)?
-15
Let p(m) = 63*m + 1004. Give p(-16).
-4
Let d(q) = -93*q**3 - 90*q**2. What is d(-1)?
3
Let o(t) = 417*t + 84897. Give o(-205).
-588
Let m(g) = -116881*g - 585124. Determine m(-5).
-719
Let x(h) = -8*h**3 + h**2 + 8*h - 25. Give x(-6).
1691
Let y(r) = -r**2 - 2*r + 128853. Calculate y(-360).
-27
Let z(q) = -3*q**3 + 1359*q**2 - 4061*q + 27. Calculate z(3).
-6
Let c(k) = -k**3 + 32*k**2 - 229*k + 7177. What is c(32)?
-151
Let y(l) = l**3 - 8*l**2 - 140*l + 186. Determine y(17).
407
Let u(j) = 1366*j + 42538. Calculate u(-31).
192
Let t(k) = -11*k**3 - 5*k**2 - 62*k - 381. Determine t(-6).
2187
Let u(j) = -20*j**3 - 391*j**2 + 3349*j - 145. Determine u(-26).
-15
Let j(t) = -2*t**2 - 1240*t + 6233. Determine j(-625).
-17
Let r(k) = 11*k**2 + 1248*k - 344019. What is r(129)?
24
Let m(w) = -w**3 - 82*w**2 - 262*w - 2621. Determine m(-79).
-646
Let c(t) = t**3 + 10404*t + 52081. Calculate c(-5).
-64
Let c(n) = n**3 + 257*n**2 + 2407*n + 5501. Give c(-4).
-79
Let t(q) = 24919*q - 74865. Determine t(3).
-108
Let o(m) = -406*m + 10910. Calculate o(31).
-1676
Let j(r) = -1090*r + 42028. Calculate j(39).
-482
Let d(z) = -z**3 - 28*z**2 + 100*z + 301. What is d(-28)?
-2499
Let n(v) = v**3 - 9*v**2 + 13519*v - 67551. What is n(5)?
-56
Let h(n) = 330*n + 22683. Give h(-69).
-87
Let u(v) = 227*v - 9039. Give u(12).
-6315
Let d(b) = 17*b**2 + 1428*b + 2836. Determine d(-82).
48
Let l(q) = q**2 - 386*q + 17829. Give l(328).
-1195
Let g(d) = -766*d + 53220. Determine g(70).
-400
Let q(r) = 815*r**2 - 701*r - 705. Give q(-1).
811
Let p(i) = i**3 - 331*i**2 + 4761*i - 287. Give p(15).
28
Let w(m) = -m**3 + 2816*m**2 + 11275*m - 5. Give w(-4).
15
Let w(o) = 130*o**2 - 692*o - 1381. Calculate w(-2).
523
Let m(z) = 25*z**2 + 339*z - 2212. What is m(7)?
1386
Let l(t) = -t**2 - 289*t + 11469. What is l(-325)?
-231
Let y(c) = -43*c**2 - 23*c + 1279. Give y(5).
89
Let g(y) = 2*y**2 + 107794*y - 2911907. Determine g(27).
-11
Let n(a) = -69663*a + 16092148. Determine n(231).
-5
Let t(m) = -1031048*m - 19589898. Determine t(-19).
14
Let w(o) = -127*o**2 + 17045*o - 3603. Calculate w(134).
15
Let p(d) = 87*d**2 - 695*d - 8. Give p(8).
0
Let w(d) = -32*d**2 + 893*d + 3582. Calculate w(-4).
-502
Let s(y) = 55*y + 6541. Determine s(-107).
656
Let h(p) = 47535*p + 47328. Calculate h(-1).
-207
Let a(k) = -2*k**3 - 130*k**2 + 117*k - 239. Calculate a(-66).
751
Let d(a) = -a**2 + 54*a + 2219. What is d(83)?
-188
Let s(z) = -178*z - 4751. Determine s(-26).
-123
Let q(u) = 3*u**3 + 146*u**2 - 203*u - 7547. What is q(-49)?
-1
Let v(y) = 5*y**3 + 35*y**2 - 46*y - 286. Determine v(-7).
36
Let n(t) = t**2 + 156*t - 3115. Determine n(18).
17
Let v(u) = -3*u**2 - 999*u + 156252. What is v(-449)?
0
Let x(q) = 6*q**2 - 81034*q + 243043. Give x(3).
-5
Let y(t) = 31420*t**2 - 62837*t. Give y(2).
6
Let q(u) = 9663*u + 1951924. Give q(-202).
-2
Let a(f) = -1260*f + 330121. Determine a(262).
1
Let m(z) = 2*z**2 + 1712*z - 11927. Determine m(7).
155
Let t(r) = 9*r**3 + 18*r**2 + 50*r - 5. Give t(-3).
-236
Let m(c) = 4*c**2 + 75396*c + 5557393. Determine m(-74).
-7
Let p(d) = 316*d**2 + 4431*d + 118. What is p(-14)?
20
Let n(d) = -9*d**3 - 190*d**2 - 23*d - 72. What is n(-21)?
-30
Let i(w) = 6949*w - 7463219. Give i(1074).
7
Let m(w) = -13*w**2 + 218*w - 275. Give m(11).
550
Let h(c) = 143*c - 25306. What is h(180)?
434
Let a(v) = -v**2 - 9722*v - 3126745. Determine a(-333).
-208
Let l(x) = x**3 + 60*x**2 + 891*x - 72. Determine l(-28).
68
Let h(w) = 2*w**2 + 3274*w - 391772. Determine h(-1749).
4
Let h(a) = 191*a**3 + 13*a**2 - 52*a - 160. What is h(-2)?
-1532
Let w(t) = 186349*t + 2049839. Calculate w(-11).
0
Let f(a) = 1092*a + 123452. What is f(-113)?
56
Let t(f) = -54*f**2 - 519*f + 141. Determine t(-9).
438
Let x(p) = 3883520*p + 11650562. Give x(-3).
2
Let f(i) = 11*i**2 + 2881*i + 5367. Determine f(-260).
-93
Let v(u) = -8*u**2 - 1019*u + 851. Calculate v(-128).
211
Let c(b) = -14579*b - 160229. Determine c(-11).
140
Let p(k) = k**2 - 1490*k - 65930. Determine p(-43).
-11
Let f(y) = -15*y**2 - 1672*y - 9527. Calculate f(-6).
-35
Let v(z) = -2*z**3 + 158*z**2 + 49*z - 3918. Calculate v(79).
-47
Let v(z) = -102925*z + 514611. What is v(5)?
-14
Let x(y) = -116529*y + 2447082. Determine x(21).
-27
Let q(l) = 30*l + 1238. What is q(-45)?
-112
Let l(o) = -o**2 - 6592*o + 2745115. What is l(393)?
10
Let j(k) = -543*k**2 - 5517*k - 865. Determine j(-10).
5
Let p(t) = -2*t**2 + 57*t - 231. What is p(44)?
-1595
Let t(u) = 988*u - 2074. Determine t(2).
-98
Let g(q) = -q**3 - 39*q**2 - 37*q + 1290. Give g(5).
5
Let l(i) = -4*i**3 + 534*i**2 - 2051*i + 6. Determine l(4).
90
Let a(x) = -x**3 - 182*x**2 - 3075*x + 3631. Determine a(-163).
45
Let t(u) = 80*u**2 - 338*u - 256. Give t(6).
596
Let h(g) = -4*g**3 - 63*g**2 + 221*g + 8. Determine h(3).
-4
Let h(r) = -401*r - 1134. What is h(-6)?
1272
Let d(n) = n**2 - 2835*n - 1729117. Determine d(-516).
-1
Let u(a) = a**3 + 17*a**2 - 225*a - 376. Determine u(-25).
249
Let k(d) = 49222*d**2 + 393787*d + 14. What is k(-8)?
-74
Let x(k) = k**2 - 120*k + 673. Give x(6).
-11
Let i(g) = 27*g**2 + 135*g - 11180. What is i(18)?
-2
Let a(o) = 3158*o**2 + 12537*o - 378. Determine a(-4).
2
Let j(l) = l**2 + 650*l - 51180. Determine j(71).
11
Let b(o) = -5*o**2 + 98*o - 274. Give b(19).
-217
Let m(y) = 581*y - 83659. Calculate m(144).
5
Let h(k) = k**2 + 204*k - 13614. Determine h(-257).
7
Let u(b) = -1106*b - 103794. Give u(-95).
1276
Let s(d) = 221410*d + 664261. What is s(-3)?
31
Let m(v) = -20298*v + 61114. Determine m(3).
220
Let o(g) = 19395*g + 504263. Determine o(-26).
-7
Let x(o) = o**3 - 221*o**2 - 1718*o + 27918. Give x(228).
102
Let x(b) = -8110*b - 81149. Calculate x(-10).
-49
Let x(y) = -y**2 + 4667*y - 501417. Give x(110).
-147
Let m(b) = 2*b**3 + 14*b**2 - 2212*b + 19977. What is m(11)?
1
Let s(g) = g**3 - 153*g**2 - 158*g + 592. Calculate s(154).
-24
Let k(f) = -952*f**2 - 66639*f + 63. What is k(-70)?
-7
Let m(b) = 13*b**2 + 207*b - 1334. Determine m(5).
26
Let o(x) = 4*x**3 + 232*x**2 + 220*x - 341. Give o(-57).
115
Let q(h) = -h**3 + 1206*h**2 - 290718*h + 7855. Give q(873).
-2
Let h(v) = 2537*v + 2555. Determine h(-1).
18
Let d(w) = -51*w**3 + 179*w**2 + 765*w - 23. Determine d(6).
-5
Let d(m) = -159*m + 10181. What is d(63)?
164
Let q(c) = 5*c**2 + 1364*c - 32676. Calculate q(23).
1341
Let l(r) = 26*r**2 - 3045*r + 21402. What is l(7)?
1361
Let m(o) = o**3 - 81*o**2 - 2087*o + 6343. Calculate m(101).
-424
Let c(o) = -342*o**3 - 5135*o**2 - 64*o + 172. Determine c(-15).
7
Let q(g) = 5*g**3 - 9*g**2 + 15*g - 1. Give q(5).
474
Let c(s) = -s**3 - 27*s**2 + 492*s - 1771. What is c(6)?
-7
Let y(s) = s**3 - 3*s**2 - 135*s + 1055. Give y(11).
538
Let b(r) = -r**3 - 9*r**2 + 397*r - 1649. Determine b(5).
-14
Let k(q) = 3*q**2 - 327*q + 3736. Calculate k(96).
-8
Let s(w) = 51*w**2 + 1180